{"id":480,"date":"2024-01-19T09:49:23","date_gmt":"2024-01-19T08:49:23","guid":{"rendered":"https:\/\/domyiq.sk\/?page_id=480"},"modified":"2024-02-19T16:02:45","modified_gmt":"2024-02-19T15:02:45","slug":"blog","status":"publish","type":"page","link":"https:\/\/domyiq.sk\/index.php\/blog\/","title":{"rendered":"Blog"},"content":{"rendered":"<section class=\"l-section wpb_row us_custom_f9cf6e08 height_auto with_img parallax_ver\"><div class=\"l-section-img\" role=\"img\" data-img-width=\"1920\" data-img-height=\"1080\" style=\"background-image: url(https:\/\/domyiq.sk\/wp-content\/uploads\/2023\/12\/00004-EXT-DOMINIQ-DREVO-0005.jpg);background-repeat: no-repeat;\"><\/div><div class=\"l-section-overlay\" style=\"background:rgba(0,0,0,0.30)\"><\/div><div class=\"l-section-h i-cf\"><div class=\"g-cols vc_row via_flex valign_top type_default stacking_default\"><div class=\"vc_col-sm-6 wpb_column vc_column_container\"><div class=\"vc_column-inner\"><div class=\"wpb_wrapper\"><h1 class=\"w-post-elm post_title us_custom_38327aaa has_text_color align_left entry-title color_link_inherit\">Blog<\/h1><\/div><\/div><\/div><div class=\"vc_col-sm-6 wpb_column vc_column_container\"><div class=\"vc_column-inner\"><div class=\"wpb_wrapper\"><\/div><\/div><\/div><\/div><\/div><\/section><section class=\"l-section wpb_row us_custom_0f8f44b7 height_auto\"><div class=\"l-section-h i-cf\"><div class=\"g-cols vc_row via_flex valign_top type_default stacking_default\"><div class=\"vc_col-sm-9 wpb_column vc_column_container\"><div class=\"vc_column-inner\"><div class=\"wpb_wrapper\"><div class=\"w-grid type_grid layout_485\" id=\"us_grid_1\" style=\"--gap:1.5rem;\" data-filterable=\"true\"><style>@media (min-width:1024px){#us_grid_1 .w-post-elm.post_title{font-size:16 px!important}}.layout_485 .w-grid-item-h{}.layout_485 .usg_post_title_1{color:#c39f75!important;font-size:3rem!important;line-height:3rem!important;margin-top:40px!important}.layout_485 .usg_hwrapper_1{margin-top:40px!important}.layout_485 .usg_post_date_1{color:#000000!important;text-align:left!important;font-size:1rem!important;font-family:var(--font-family)!important;text-transform:uppercase!important}.layout_485 .usg_post_content_1{color:#000000!important;text-align:left!important;font-size:15px!important;font-family:var(--font-family)!important;margin-top:40px!important}.layout_485 .usg_hwrapper_2{margin-top:40px!important;padding-bottom:20px!important;border-bottom-width:1px!important;border-color:rgba(0,0,0,0.10)!important;border-bottom-style:solid!important}@media (min-width:1025px) and (max-width:1380px){.layout_485 .usg_post_title_1{color:#c39f75!important;font-size:3rem!important;line-height:3rem!important;margin-top:40px!important}.layout_485 .usg_hwrapper_1{margin-top:40px!important}.layout_485 .usg_post_date_1{color:#000000!important;text-align:left!important;font-size:1rem!important;font-family:var(--font-family)!important;text-transform:uppercase!important}.layout_485 .usg_post_content_1{color:#000000!important;text-align:left!important;font-size:15px!important;font-family:var(--font-family)!important;margin-top:40px!important}.layout_485 .usg_hwrapper_2{margin-top:40px!important;padding-bottom:20px!important;border-bottom-width:1px!important;border-color:rgba(0,0,0,0.10)!important;border-bottom-style:solid!important}}@media (min-width:601px) and (max-width:1024px){.layout_485 .usg_post_title_1{color:#c39f75!important;font-size:3rem!important;line-height:3rem!important;margin-top:40px!important}.layout_485 .usg_hwrapper_1{margin-top:40px!important}.layout_485 .usg_post_date_1{color:#000000!important;text-align:left!important;font-size:1rem!important;font-family:var(--font-family)!important;text-transform:uppercase!important}.layout_485 .usg_post_content_1{color:#000000!important;text-align:left!important;font-size:15px!important;font-family:var(--font-family)!important;margin-top:40px!important}.layout_485 .usg_hwrapper_2{margin-top:40px!important;padding-bottom:20px!important;border-bottom-width:1px!important;border-color:rgba(0,0,0,0.10)!important;border-bottom-style:solid!important}}@media (max-width:600px){.layout_485 .usg_post_title_1{color:#c39f75!important;font-size:3rem!important;line-height:3rem!important;margin-top:40px!important}.layout_485 .usg_hwrapper_1{margin-top:40px!important}.layout_485 .usg_post_date_1{color:#000000!important;text-align:left!important;font-size:1rem!important;font-family:var(--font-family)!important;text-transform:uppercase!important}.layout_485 .usg_post_content_1{color:#000000!important;text-align:left!important;font-size:15px!important;font-family:var(--font-family)!important;margin-top:40px!important}.layout_485 .usg_hwrapper_2{margin-top:40px!important;padding-bottom:20px!important;border-bottom-width:1px!important;border-color:rgba(0,0,0,0.10)!important;border-bottom-style:solid!important}}<\/style><div class=\"w-grid-list\">\t<article class=\"w-grid-item size_1x1 post-885 post type-post status-publish format-standard has-post-thumbnail hentry category-nezaradene\" data-id=\"885\">\r\n\t\t<div class=\"w-grid-item-h\">\r\n\t\t\t\t\t\t<div class=\"w-post-elm post_image usg_post_image_1 stretched\"><a href=\"https:\/\/domyiq.sk\/index.php\/2025\/08\/20\/najvacsia-akcia-roka-je-tu-den-otvorenych-dveri-v-domyiq-uz-6-9-2025\/\" aria-label=\"Najv\u00e4\u010d\u0161ia akcia roka je tu: De\u0148 otvoren\u00fdch dver\u00ed v DomyIQ u\u017e 6. 9. 2025\"><img loading=\"lazy\" decoding=\"async\" width=\"1640\" height=\"924\" src=\"https:\/\/domyiq.sk\/wp-content\/uploads\/2025\/08\/DOMYIQ_pozvanka_event1640x924px_08_2025.png\" class=\"attachment-full size-full wp-post-image\" alt=\"\" srcset=\"https:\/\/domyiq.sk\/wp-content\/uploads\/2025\/08\/DOMYIQ_pozvanka_event1640x924px_08_2025.png 1640w, https:\/\/domyiq.sk\/wp-content\/uploads\/2025\/08\/DOMYIQ_pozvanka_event1640x924px_08_2025-300x169.png 300w, https:\/\/domyiq.sk\/wp-content\/uploads\/2025\/08\/DOMYIQ_pozvanka_event1640x924px_08_2025-1024x577.png 1024w\" sizes=\"auto, (max-width: 1640px) 100vw, 1640px\" \/><\/a><\/div><p class=\"w-post-elm post_title usg_post_title_1 has_text_color entry-title color_link_inherit\"><a href=\"https:\/\/domyiq.sk\/index.php\/2025\/08\/20\/najvacsia-akcia-roka-je-tu-den-otvorenych-dveri-v-domyiq-uz-6-9-2025\/\">Najv\u00e4\u010d\u0161ia akcia roka je tu: De\u0148 otvoren\u00fdch dver\u00ed v DomyIQ u\u017e 6. 9. 2025<\/a><\/p><div class=\"w-hwrapper usg_hwrapper_1 align_left valign_top\"><time class=\"w-post-elm post_date usg_post_date_1 has_text_color entry-date published\" datetime=\"2025-08-20T14:30:00+02:00\">20.08.25<\/time><\/div><div class=\"w-post-elm post_content usg_post_content_1 has_text_color\">Prem\u00fd\u0161\u013eate nad na\u0161\u00edm drevodomom? Chceli by ste sa dozvedie\u0165 viac o technol\u00f3gii v\u00fdroby, vidie\u0165 materi\u00e1ly na vlastn\u00e9 o\u010di a porozpr\u00e1va\u0165 sa s nami? Potom si zakr\u00fa\u017ekujte d\u00e1tum 06. 09. \u2013&hellip;<\/div><div class=\"w-hwrapper usg_hwrapper_2 align_right valign_top\"><a class=\"w-btn us-btn-style_5 usg_btn_2\" href=\"https:\/\/domyiq.sk\/index.php\/2025\/08\/20\/najvacsia-akcia-roka-je-tu-den-otvorenych-dveri-v-domyiq-uz-6-9-2025\/\"><span class=\"w-btn-label\">\u010c\u00edta\u0165 viac<\/span><\/a><\/div>\t\t<\/div>\r\n\t<\/article>\r\n\t<article class=\"w-grid-item size_1x1 post-701 post type-post status-publish format-standard has-post-thumbnail hentry category-nezaradene\" data-id=\"701\">\r\n\t\t<div class=\"w-grid-item-h\">\r\n\t\t\t\t\t\t<div class=\"w-post-elm post_image usg_post_image_1 stretched\"><a href=\"https:\/\/domyiq.sk\/index.php\/2024\/05\/30\/domyiq-standardna-vybava-domu\/\" aria-label=\"DomyIQ: \u0160tandardn\u00e1 v\u00fdbava domu\"><img loading=\"lazy\" decoding=\"async\" width=\"1280\" height=\"854\" src=\"https:\/\/domyiq.sk\/wp-content\/uploads\/2024\/05\/bonus1-Large.jpeg\" class=\"attachment-full size-full wp-post-image\" alt=\"\" srcset=\"https:\/\/domyiq.sk\/wp-content\/uploads\/2024\/05\/bonus1-Large.jpeg 1280w, https:\/\/domyiq.sk\/wp-content\/uploads\/2024\/05\/bonus1-Large-300x200.jpeg 300w, https:\/\/domyiq.sk\/wp-content\/uploads\/2024\/05\/bonus1-Large-1024x683.jpeg 1024w\" sizes=\"auto, (max-width: 1280px) 100vw, 1280px\" \/><\/a><\/div><p class=\"w-post-elm post_title usg_post_title_1 has_text_color entry-title color_link_inherit\"><a href=\"https:\/\/domyiq.sk\/index.php\/2024\/05\/30\/domyiq-standardna-vybava-domu\/\">DomyIQ: \u0160tandardn\u00e1 v\u00fdbava domu<\/a><\/p><div class=\"w-hwrapper usg_hwrapper_1 align_left valign_top\"><time class=\"w-post-elm post_date usg_post_date_1 has_text_color entry-date published\" datetime=\"2024-05-30T13:56:34+02:00\">30.05.24<\/time><\/div><div class=\"w-post-elm post_content usg_post_content_1 has_text_color\">Dom\u010dek v\u00e1m privezieme na pozemok kompletne dokon\u010den\u00fd, sta\u010d\u00ed ho osadi\u0165 na pozemok, pripoji\u0165 na in\u017einierske siete, zapoji\u0165 vodu, odpad a m\u00f4\u017eete b\u00fdva\u0165. Exteri\u00e9r aj interi\u00e9r v\u00e1m vieme doladi\u0165 na mieru,&hellip;<\/div><div class=\"w-hwrapper usg_hwrapper_2 align_right valign_top\"><a class=\"w-btn us-btn-style_5 usg_btn_2\" href=\"https:\/\/domyiq.sk\/index.php\/2024\/05\/30\/domyiq-standardna-vybava-domu\/\"><span class=\"w-btn-label\">\u010c\u00edta\u0165 viac<\/span><\/a><\/div>\t\t<\/div>\r\n\t<\/article>\r\n\t<article class=\"w-grid-item size_1x1 post-597 post type-post status-publish format-standard has-post-thumbnail hentry category-nezaradene\" data-id=\"597\">\r\n\t\t<div class=\"w-grid-item-h\">\r\n\t\t\t\t\t\t<div class=\"w-post-elm post_image usg_post_image_1 stretched\"><a href=\"https:\/\/domyiq.sk\/index.php\/2024\/02\/19\/domyiq-aka-je-skladba-stien-stropu-a-podlah\/\" aria-label=\"DomyIQ: Z \u010doho sa sklad\u00e1?\"><img loading=\"lazy\" decoding=\"async\" width=\"1024\" height=\"768\" src=\"https:\/\/domyiq.sk\/wp-content\/uploads\/2023\/12\/dominiq6.jpg\" class=\"attachment-full size-full wp-post-image\" alt=\"\" srcset=\"https:\/\/domyiq.sk\/wp-content\/uploads\/2023\/12\/dominiq6.jpg 1024w, https:\/\/domyiq.sk\/wp-content\/uploads\/2023\/12\/dominiq6-300x225.jpg 300w\" sizes=\"auto, (max-width: 1024px) 100vw, 1024px\" \/><\/a><\/div><p class=\"w-post-elm post_title usg_post_title_1 has_text_color entry-title color_link_inherit\"><a href=\"https:\/\/domyiq.sk\/index.php\/2024\/02\/19\/domyiq-aka-je-skladba-stien-stropu-a-podlah\/\">DomyIQ: Z \u010doho sa sklad\u00e1?<\/a><\/p><div class=\"w-hwrapper usg_hwrapper_1 align_left valign_top\"><time class=\"w-post-elm post_date usg_post_date_1 has_text_color entry-date published\" datetime=\"2024-02-19T16:01:32+01:00\">19.02.24<\/time><\/div><div class=\"w-post-elm post_content usg_post_content_1 has_text_color\">Skladba stien, stropu a podl\u00e1h Modul\u00e1rne DomyIQ s\u00fa ur\u010den\u00e9 na celoro\u010dn\u00e9 b\u00fdvanie. Skladba stien, podl\u00e1h a stropu je v\u010faka na\u0161im sk\u00faseonostiam, \u0161pi\u010dkov\u00fdm technol\u00f3gi\u00e1m a pou\u017eit\u00fdm materi\u00e1lom navrhnut\u00e1 tak, aby obst\u00e1la&hellip;<\/div><div class=\"w-hwrapper usg_hwrapper_2 align_right valign_top\"><a class=\"w-btn us-btn-style_5 usg_btn_2\" href=\"https:\/\/domyiq.sk\/index.php\/2024\/02\/19\/domyiq-aka-je-skladba-stien-stropu-a-podlah\/\"><span class=\"w-btn-label\">\u010c\u00edta\u0165 viac<\/span><\/a><\/div>\t\t<\/div>\r\n\t<\/article>\r\n\t<article class=\"w-grid-item size_1x1 post-590 post type-post status-publish format-standard has-post-thumbnail hentry category-nezaradene\" data-id=\"590\">\r\n\t\t<div class=\"w-grid-item-h\">\r\n\t\t\t\t\t\t<div class=\"w-post-elm post_image usg_post_image_1 stretched\"><a href=\"https:\/\/domyiq.sk\/index.php\/2024\/02\/19\/faq-caste-otazky-o-domoch-iq\/\" aria-label=\"FAQ: \u010cast\u00e9 ot\u00e1zky\u00a0o Domoch IQ\"><img loading=\"lazy\" decoding=\"async\" width=\"1920\" height=\"1080\" src=\"https:\/\/domyiq.sk\/wp-content\/uploads\/2023\/12\/EXT-PLUSKO-0003.jpg\" class=\"attachment-full size-full wp-post-image\" alt=\"\" srcset=\"https:\/\/domyiq.sk\/wp-content\/uploads\/2023\/12\/EXT-PLUSKO-0003.jpg 1920w, https:\/\/domyiq.sk\/wp-content\/uploads\/2023\/12\/EXT-PLUSKO-0003-300x169.jpg 300w, https:\/\/domyiq.sk\/wp-content\/uploads\/2023\/12\/EXT-PLUSKO-0003-1024x576.jpg 1024w\" sizes=\"auto, (max-width: 1920px) 100vw, 1920px\" \/><\/a><\/div><p class=\"w-post-elm post_title usg_post_title_1 has_text_color entry-title color_link_inherit\"><a href=\"https:\/\/domyiq.sk\/index.php\/2024\/02\/19\/faq-caste-otazky-o-domoch-iq\/\">FAQ: \u010cast\u00e9 ot\u00e1zky\u00a0o Domoch IQ<\/a><\/p><div class=\"w-hwrapper usg_hwrapper_1 align_left valign_top\"><time class=\"w-post-elm post_date usg_post_date_1 has_text_color entry-date published\" datetime=\"2024-02-19T15:48:23+01:00\">19.02.24<\/time><\/div><div class=\"w-post-elm post_content usg_post_content_1 has_text_color\">Prem\u00fd\u0161\u013eate nad mobiln\u00fdm \u010di modul\u00e1rnym domom? Sp\u00edsali sme pre v\u00e1s naj\u010dastej\u0161ie ot\u00e1zky od na\u0161ich klientov s odpove\u010fami od na\u0161ich kolegov.\u00a0 Ak\u00fd je rozdiel medzi mobiln\u00fdm a modul\u00e1rnym domom?\u00a0 Mobiln\u00fd dom&hellip;<\/div><div class=\"w-hwrapper usg_hwrapper_2 align_right valign_top\"><a class=\"w-btn us-btn-style_5 usg_btn_2\" href=\"https:\/\/domyiq.sk\/index.php\/2024\/02\/19\/faq-caste-otazky-o-domoch-iq\/\"><span class=\"w-btn-label\">\u010c\u00edta\u0165 viac<\/span><\/a><\/div>\t\t<\/div>\r\n\t<\/article>\r\n\t<article class=\"w-grid-item size_1x1 post-1 post type-post status-publish format-standard has-post-thumbnail hentry category-nezaradene\" data-id=\"1\">\r\n\t\t<div class=\"w-grid-item-h\">\r\n\t\t\t\t\t\t<div class=\"w-post-elm post_image usg_post_image_1 stretched\"><a href=\"https:\/\/domyiq.sk\/index.php\/2023\/11\/18\/ahoj-svet\/\" aria-label=\"Ako si vybra\u0165 mobiln\u00fd dom?\"><img loading=\"lazy\" decoding=\"async\" width=\"1280\" height=\"720\" src=\"https:\/\/domyiq.sk\/wp-content\/uploads\/2023\/12\/INOLENS-EXT-DOMINIQ-MODERNY-0010-Large.jpeg\" class=\"attachment-full size-full wp-post-image\" alt=\"\" srcset=\"https:\/\/domyiq.sk\/wp-content\/uploads\/2023\/12\/INOLENS-EXT-DOMINIQ-MODERNY-0010-Large.jpeg 1280w, https:\/\/domyiq.sk\/wp-content\/uploads\/2023\/12\/INOLENS-EXT-DOMINIQ-MODERNY-0010-Large-300x169.jpeg 300w, https:\/\/domyiq.sk\/wp-content\/uploads\/2023\/12\/INOLENS-EXT-DOMINIQ-MODERNY-0010-Large-1024x576.jpeg 1024w\" sizes=\"auto, (max-width: 1280px) 100vw, 1280px\" \/><\/a><\/div><p class=\"w-post-elm post_title usg_post_title_1 has_text_color entry-title color_link_inherit\"><a href=\"https:\/\/domyiq.sk\/index.php\/2023\/11\/18\/ahoj-svet\/\">Ako si vybra\u0165 mobiln\u00fd dom?<\/a><\/p><div class=\"w-hwrapper usg_hwrapper_1 align_left valign_top\"><time class=\"w-post-elm post_date usg_post_date_1 has_text_color entry-date published\" datetime=\"2023-11-18T11:26:09+01:00\">18.11.23<\/time><\/div><div class=\"w-post-elm post_content usg_post_content_1 has_text_color\">Potrebujete dom na b\u00fdvanie, pr\u00edpadne aj podnikanie? \u010ci len v\u00edkendov\u00fa chatu umiestnen\u00fa na pozemku v pr\u00edrode? Toto v\u0161etko v\u00e1m vedia splni\u0165 mobiln\u00e9 alebo modul\u00e1rne domy. Sta\u010d\u00ed si spr\u00e1vne vybra\u0165. Univerz\u00e1lny&hellip;<\/div><div class=\"w-hwrapper usg_hwrapper_2 align_right valign_top\"><a class=\"w-btn us-btn-style_5 usg_btn_2\" href=\"https:\/\/domyiq.sk\/index.php\/2023\/11\/18\/ahoj-svet\/\"><span class=\"w-btn-label\">\u010c\u00edta\u0165 viac<\/span><\/a><\/div>\t\t<\/div>\r\n\t<\/article>\r\n<\/div><div class=\"w-grid-preloader\">\t<div class=\"g-preloader type_1\">\r\n\t\t<div><\/div>\r\n\t<\/div>\r\n\t<\/div>\t<div class=\"w-grid-json hidden\" onclick='return {&quot;action&quot;:&quot;us_ajax_grid&quot;,&quot;ajax_url&quot;:&quot;https:\\\/\\\/domyiq.sk\\\/wp-admin\\\/admin-ajax.php&quot;,&quot;infinite_scroll&quot;:0,&quot;max_num_pages&quot;:1,&quot;pagination&quot;:&quot;none&quot;,&quot;template_vars&quot;:{&quot;columns&quot;:&quot;1&quot;,&quot;exclude_items&quot;:&quot;none&quot;,&quot;img_size&quot;:&quot;default&quot;,&quot;ignore_items_size&quot;:0,&quot;items_layout&quot;:&quot;485&quot;,&quot;items_offset&quot;:&quot;1&quot;,&quot;load_animation&quot;:&quot;none&quot;,&quot;overriding_link&quot;:&quot;%7B%22url%22%3A%22%22%7D&quot;,&quot;post_id&quot;:0,&quot;query_args&quot;:{&quot;post_type&quot;:[&quot;post&quot;],&quot;post_status&quot;:[&quot;publish&quot;],&quot;posts_per_page&quot;:&quot;10&quot;},&quot;orderby_query_args&quot;:{&quot;orderby&quot;:{&quot;date&quot;:&quot;DESC&quot;}},&quot;type&quot;:&quot;grid&quot;,&quot;us_grid_ajax_index&quot;:1,&quot;us_grid_filter_params&quot;:[],&quot;us_grid_index&quot;:1,&quot;_us_grid_post_type&quot;:&quot;post&quot;,&quot;page_args&quot;:[]}}'><\/div>\r\n\t<\/div><\/div><\/div><\/div><div class=\"vc_col-sm-3 wpb_column vc_column_container\"><div class=\"vc_column-inner\"><div class=\"wpb_wrapper\"><div class=\"wpb_text_column us_custom_a3d93e35 has_text_color\"><div class=\"wpb_wrapper\"><p>Najnov\u0161ie \u010dl\u00e1nky<\/p>\n<\/div><\/div><div class=\"w-grid type_grid layout_488\" id=\"us_grid_2\" style=\"--gap:1.5rem;\" data-filterable=\"true\"><style>.layout_488 .w-grid-item-h{}.layout_488 .usg_hwrapper_1{padding-bottom:10px!important;border-bottom-width:1px!important;border-color:rgba(0,0,0,0.10)!important;border-bottom-style:solid!important}.layout_488 .usg_post_image_1{width:60px!important;height:60px!important}.layout_488 .usg_post_title_1{color:#c39f75!important;text-align:left!important;font-size:1rem!important;font-family:var(--h1-font-family)!important;font-weight:500!important}@media (min-width:1025px) and (max-width:1380px){.layout_488 .usg_hwrapper_1{padding-bottom:10px!important;border-bottom-width:1px!important;border-color:rgba(0,0,0,0.10)!important;border-bottom-style:solid!important}.layout_488 .usg_post_image_1{width:60px!important;height:60px!important}.layout_488 .usg_post_title_1{color:#c39f75!important;text-align:left!important;font-size:1rem!important;font-family:var(--h1-font-family)!important;font-weight:500!important}}@media (min-width:601px) and (max-width:1024px){.layout_488 .usg_hwrapper_1{padding-bottom:10px!important;border-bottom-width:1px!important;border-color:rgba(0,0,0,0.10)!important;border-bottom-style:solid!important}.layout_488 .usg_post_image_1{width:60px!important;height:60px!important}.layout_488 .usg_post_title_1{color:#c39f75!important;text-align:left!important;font-size:1rem!important;font-family:var(--h1-font-family)!important;font-weight:500!important}}@media (max-width:600px){.layout_488 .usg_hwrapper_1{padding-bottom:10px!important;border-bottom-width:1px!important;border-color:rgba(0,0,0,0.10)!important;border-bottom-style:solid!important}.layout_488 .usg_post_image_1{width:60px!important;height:60px!important}.layout_488 .usg_post_title_1{color:#c39f75!important;text-align:left!important;font-size:1rem!important;font-family:var(--h1-font-family)!important;font-weight:500!important}}<\/style><div class=\"w-grid-list\">\t<article class=\"w-grid-item size_1x1 post-885 post type-post status-publish format-standard has-post-thumbnail hentry category-nezaradene\" data-id=\"885\">\r\n\t\t<div class=\"w-grid-item-h\">\r\n\t\t\t\t\t\t<div class=\"w-hwrapper usg_hwrapper_1 align_left valign_middle\" style=\"--hwrapper-gap:0.3rem\"><div class=\"w-post-elm post_image usg_post_image_1 has_width has_height stretched\"><a href=\"https:\/\/domyiq.sk\/index.php\/2025\/08\/20\/najvacsia-akcia-roka-je-tu-den-otvorenych-dveri-v-domyiq-uz-6-9-2025\/\" aria-label=\"Najv\u00e4\u010d\u0161ia akcia roka je tu: De\u0148 otvoren\u00fdch dver\u00ed v DomyIQ u\u017e 6. 9. 2025\"><img loading=\"lazy\" decoding=\"async\" width=\"1024\" height=\"577\" src=\"https:\/\/domyiq.sk\/wp-content\/uploads\/2025\/08\/DOMYIQ_pozvanka_event1640x924px_08_2025-1024x577.png\" class=\"attachment-large size-large wp-post-image\" alt=\"\" srcset=\"https:\/\/domyiq.sk\/wp-content\/uploads\/2025\/08\/DOMYIQ_pozvanka_event1640x924px_08_2025-1024x577.png 1024w, https:\/\/domyiq.sk\/wp-content\/uploads\/2025\/08\/DOMYIQ_pozvanka_event1640x924px_08_2025-300x169.png 300w, https:\/\/domyiq.sk\/wp-content\/uploads\/2025\/08\/DOMYIQ_pozvanka_event1640x924px_08_2025.png 1640w\" sizes=\"auto, (max-width: 1024px) 100vw, 1024px\" \/><\/a><\/div><p class=\"w-post-elm post_title usg_post_title_1 has_text_color entry-title color_link_inherit\"><a href=\"https:\/\/domyiq.sk\/index.php\/2025\/08\/20\/najvacsia-akcia-roka-je-tu-den-otvorenych-dveri-v-domyiq-uz-6-9-2025\/\">Najv\u00e4\u010d\u0161ia akcia roka je tu: De\u0148 otvoren\u00fdch dver\u00ed v DomyIQ u\u017e 6. 9. 2025<\/a><\/p><\/div>\t\t<\/div>\r\n\t<\/article>\r\n\t<article class=\"w-grid-item size_1x1 post-701 post type-post status-publish format-standard has-post-thumbnail hentry category-nezaradene\" data-id=\"701\">\r\n\t\t<div class=\"w-grid-item-h\">\r\n\t\t\t\t\t\t<div class=\"w-hwrapper usg_hwrapper_1 align_left valign_middle\" style=\"--hwrapper-gap:0.3rem\"><div class=\"w-post-elm post_image usg_post_image_1 has_width has_height stretched\"><a href=\"https:\/\/domyiq.sk\/index.php\/2024\/05\/30\/domyiq-standardna-vybava-domu\/\" aria-label=\"DomyIQ: \u0160tandardn\u00e1 v\u00fdbava domu\"><img loading=\"lazy\" decoding=\"async\" width=\"1024\" height=\"683\" src=\"https:\/\/domyiq.sk\/wp-content\/uploads\/2024\/05\/bonus1-Large-1024x683.jpeg\" class=\"attachment-large size-large wp-post-image\" alt=\"\" srcset=\"https:\/\/domyiq.sk\/wp-content\/uploads\/2024\/05\/bonus1-Large-1024x683.jpeg 1024w, https:\/\/domyiq.sk\/wp-content\/uploads\/2024\/05\/bonus1-Large-300x200.jpeg 300w, https:\/\/domyiq.sk\/wp-content\/uploads\/2024\/05\/bonus1-Large.jpeg 1280w\" sizes=\"auto, (max-width: 1024px) 100vw, 1024px\" \/><\/a><\/div><p class=\"w-post-elm post_title usg_post_title_1 has_text_color entry-title color_link_inherit\"><a href=\"https:\/\/domyiq.sk\/index.php\/2024\/05\/30\/domyiq-standardna-vybava-domu\/\">DomyIQ: \u0160tandardn\u00e1 v\u00fdbava domu<\/a><\/p><\/div>\t\t<\/div>\r\n\t<\/article>\r\n\t<article class=\"w-grid-item size_1x1 post-597 post type-post status-publish format-standard has-post-thumbnail hentry category-nezaradene\" data-id=\"597\">\r\n\t\t<div class=\"w-grid-item-h\">\r\n\t\t\t\t\t\t<div class=\"w-hwrapper usg_hwrapper_1 align_left valign_middle\" style=\"--hwrapper-gap:0.3rem\"><div class=\"w-post-elm post_image usg_post_image_1 has_width has_height stretched\"><a href=\"https:\/\/domyiq.sk\/index.php\/2024\/02\/19\/domyiq-aka-je-skladba-stien-stropu-a-podlah\/\" aria-label=\"DomyIQ: Z \u010doho sa sklad\u00e1?\"><img loading=\"lazy\" decoding=\"async\" width=\"1024\" height=\"768\" src=\"https:\/\/domyiq.sk\/wp-content\/uploads\/2023\/12\/dominiq6.jpg\" class=\"attachment-large size-large wp-post-image\" alt=\"\" srcset=\"https:\/\/domyiq.sk\/wp-content\/uploads\/2023\/12\/dominiq6.jpg 1024w, https:\/\/domyiq.sk\/wp-content\/uploads\/2023\/12\/dominiq6-300x225.jpg 300w\" sizes=\"auto, (max-width: 1024px) 100vw, 1024px\" \/><\/a><\/div><p class=\"w-post-elm post_title usg_post_title_1 has_text_color entry-title color_link_inherit\"><a href=\"https:\/\/domyiq.sk\/index.php\/2024\/02\/19\/domyiq-aka-je-skladba-stien-stropu-a-podlah\/\">DomyIQ: Z \u010doho sa sklad\u00e1?<\/a><\/p><\/div>\t\t<\/div>\r\n\t<\/article>\r\n\t<article class=\"w-grid-item size_1x1 post-590 post type-post status-publish format-standard has-post-thumbnail hentry category-nezaradene\" data-id=\"590\">\r\n\t\t<div class=\"w-grid-item-h\">\r\n\t\t\t\t\t\t<div class=\"w-hwrapper usg_hwrapper_1 align_left valign_middle\" style=\"--hwrapper-gap:0.3rem\"><div class=\"w-post-elm post_image usg_post_image_1 has_width has_height stretched\"><a href=\"https:\/\/domyiq.sk\/index.php\/2024\/02\/19\/faq-caste-otazky-o-domoch-iq\/\" aria-label=\"FAQ: \u010cast\u00e9 ot\u00e1zky\u00a0o Domoch IQ\"><img loading=\"lazy\" decoding=\"async\" width=\"1024\" height=\"576\" src=\"https:\/\/domyiq.sk\/wp-content\/uploads\/2023\/12\/EXT-PLUSKO-0003-1024x576.jpg\" class=\"attachment-large size-large wp-post-image\" alt=\"\" srcset=\"https:\/\/domyiq.sk\/wp-content\/uploads\/2023\/12\/EXT-PLUSKO-0003-1024x576.jpg 1024w, https:\/\/domyiq.sk\/wp-content\/uploads\/2023\/12\/EXT-PLUSKO-0003-300x169.jpg 300w, https:\/\/domyiq.sk\/wp-content\/uploads\/2023\/12\/EXT-PLUSKO-0003.jpg 1920w\" sizes=\"auto, (max-width: 1024px) 100vw, 1024px\" \/><\/a><\/div><p class=\"w-post-elm post_title usg_post_title_1 has_text_color entry-title color_link_inherit\"><a href=\"https:\/\/domyiq.sk\/index.php\/2024\/02\/19\/faq-caste-otazky-o-domoch-iq\/\">FAQ: \u010cast\u00e9 ot\u00e1zky\u00a0o Domoch IQ<\/a><\/p><\/div>\t\t<\/div>\r\n\t<\/article>\r\n<\/div><div class=\"w-grid-preloader\">\t<div class=\"g-preloader type_1\">\r\n\t\t<div><\/div>\r\n\t<\/div>\r\n\t<\/div>\t<div class=\"w-grid-json hidden\" onclick='return {&quot;action&quot;:&quot;us_ajax_grid&quot;,&quot;ajax_url&quot;:&quot;https:\\\/\\\/domyiq.sk\\\/wp-admin\\\/admin-ajax.php&quot;,&quot;infinite_scroll&quot;:0,&quot;max_num_pages&quot;:2,&quot;pagination&quot;:&quot;none&quot;,&quot;template_vars&quot;:{&quot;columns&quot;:&quot;1&quot;,&quot;exclude_items&quot;:&quot;none&quot;,&quot;img_size&quot;:&quot;default&quot;,&quot;ignore_items_size&quot;:0,&quot;items_layout&quot;:&quot;488&quot;,&quot;items_offset&quot;:&quot;1&quot;,&quot;load_animation&quot;:&quot;none&quot;,&quot;overriding_link&quot;:&quot;%7B%22url%22%3A%22%22%7D&quot;,&quot;post_id&quot;:0,&quot;query_args&quot;:{&quot;post_type&quot;:[&quot;post&quot;],&quot;post_status&quot;:[&quot;publish&quot;],&quot;posts_per_page&quot;:&quot;4&quot;},&quot;orderby_query_args&quot;:{&quot;orderby&quot;:{&quot;date&quot;:&quot;DESC&quot;}},&quot;type&quot;:&quot;grid&quot;,&quot;us_grid_ajax_index&quot;:2,&quot;us_grid_filter_params&quot;:[],&quot;us_grid_index&quot;:2,&quot;_us_grid_post_type&quot;:&quot;post&quot;,&quot;page_args&quot;:[]}}'><\/div>\r\n\t<\/div><\/div><\/div><\/div><\/div><\/div><\/section>\n","protected":false},"excerpt":{"rendered":"Prem\u00fd\u0161\u013eate nad mobiln\u00fdm \u010di modul\u00e1rnym domom? Sp\u00edsali sme pre v\u00e1s naj\u010dastej\u0161ie ot\u00e1zky od na\u0161ich klientov s odpove\u010fami od na\u0161ich kolegov.\u00a0 Ak\u00fd je rozdiel medzi mobiln\u00fdm a modul\u00e1rnym domom?\u00a0 Mobiln\u00fd dom je poskladan\u00fd z jednotliv\u00fdch dielov priamo vo v\u00fdrobnej hale a privezen\u00fd na v\u00e1\u0161 pozemok, je opakovate\u013ene transportovate\u013en\u00fd \u2013 nem\u00fd\u013ete si ho s domom na podvozku,...","protected":false},"author":1,"featured_media":0,"parent":0,"menu_order":0,"comment_status":"closed","ping_status":"closed","template":"","meta":{"footnotes":""},"class_list":["post-480","page","type-page","status-publish","hentry"],"_links":{"self":[{"href":"https:\/\/domyiq.sk\/index.php\/wp-json\/wp\/v2\/pages\/480","targetHints":{"allow":["GET"]}}],"collection":[{"href":"https:\/\/domyiq.sk\/index.php\/wp-json\/wp\/v2\/pages"}],"about":[{"href":"https:\/\/domyiq.sk\/index.php\/wp-json\/wp\/v2\/types\/page"}],"author":[{"embeddable":true,"href":"https:\/\/domyiq.sk\/index.php\/wp-json\/wp\/v2\/users\/1"}],"replies":[{"embeddable":true,"href":"https:\/\/domyiq.sk\/index.php\/wp-json\/wp\/v2\/comments?post=480"}],"version-history":[{"count":11,"href":"https:\/\/domyiq.sk\/index.php\/wp-json\/wp\/v2\/pages\/480\/revisions"}],"predecessor-version":[{"id":601,"href":"https:\/\/domyiq.sk\/index.php\/wp-json\/wp\/v2\/pages\/480\/revisions\/601"}],"wp:attachment":[{"href":"https:\/\/domyiq.sk\/index.php\/wp-json\/wp\/v2\/media?parent=480"}],"curies":[{"name":"wp","href":"https:\/\/api.w.org\/{rel}","templated":true}]}}